{"id":8572,"date":"2023-02-23T13:47:51","date_gmt":"2023-02-23T12:47:51","guid":{"rendered":"https:\/\/www.aiguesmanresa.cat\/obres\/obras-para-la-construccion-de-un-bypass-en-la-agulla\/"},"modified":"2023-02-23T13:49:04","modified_gmt":"2023-02-23T12:49:04","slug":"obras-para-la-construccion-de-un-bypass-en-la-agulla","status":"publish","type":"obres","link":"https:\/\/www.aiguesmanresa.cat\/es\/obras\/obras-para-la-construccion-de-un-bypass-en-la-agulla\/","title":{"rendered":"Obras para la construcci\u00f3n de un bypass en la Agulla"},"content":{"rendered":"<p>[et_pb_section fb_built=\u00bb1&#8243; _builder_version=\u00bb4.19.5&#8243; _module_preset=\u00bbdefault\u00bb custom_padding=\u00bb2rem||2rem||true|false\u00bb global_colors_info=\u00bb{}\u00bb theme_builder_area=\u00bbpost_content\u00bb][et_pb_row column_structure=\u00bb1_2,1_2&#8243; _builder_version=\u00bb4.19.5&#8243; _module_preset=\u00bbdefault\u00bb width=\u00bb95%\u00bb global_colors_info=\u00bb{}\u00bb theme_builder_area=\u00bbpost_content\u00bb][et_pb_column type=\u00bb1_2&#8243; _builder_version=\u00bb4.19.3&#8243; _module_preset=\u00bbdefault\u00bb global_colors_info=\u00bb{}\u00bb theme_builder_area=\u00bbpost_content\u00bb][et_pb_text _builder_version=\u00bb4.19.5&#8243; _module_preset=\u00bbbb3d34b2-a283-44ce-aa3c-4f7945af5ab5&#8243; global_colors_info=\u00bb{}\u00bb theme_builder_area=\u00bbpost_content\u00bb]<\/p>\n<p>Duraci\u00f3n:<\/p>\n<p>[\/et_pb_text][et_pb_text _builder_version=\u00bb4.19.5&#8243; _module_preset=\u00bb9da39846-75f9-4c80-b27e-37dc2aa10001&#8243; hover_enabled=\u00bb0&#8243; global_colors_info=\u00bb{}\u00bb theme_builder_area=\u00bbpost_content\u00bb sticky_enabled=\u00bb0&#8243;]<\/p>\n<p>Segunda fase: del 9 de enero al 31 de marzo de 2023<\/p>\n<p>[\/et_pb_text][\/et_pb_column][et_pb_column type=\u00bb1_2&#8243; _builder_version=\u00bb4.19.3&#8243; _module_preset=\u00bbdefault\u00bb global_colors_info=\u00bb{}\u00bb theme_builder_area=\u00bbpost_content\u00bb][et_pb_button button_url=\u00bb@ET-DC@eyJkeW5hbWljIjp0cnVlLCJjb250ZW50IjoicG9zdF9saW5rX3VybF9wb3N0Iiwic2V0dGluZ3MiOnsicG9zdF9pZCI6Ijc1MTIifX0=@\u00bb button_text=\u00bbM\u00e1s informaci\u00f3n\u00bb _builder_version=\u00bb4.19.5&#8243; _dynamic_attributes=\u00bbbutton_url\u00bb _module_preset=\u00bbdefault\u00bb custom_margin=\u00bb0.7rem||0.7rem||true|false\u00bb global_colors_info=\u00bb{}\u00bb theme_builder_area=\u00bbpost_content\u00bb][\/et_pb_button][\/et_pb_column][\/et_pb_row][et_pb_row column_structure=\u00bb1_2,1_2&#8243; _builder_version=\u00bb4.19.3&#8243; _module_preset=\u00bbdefault\u00bb width=\u00bb95%\u00bb global_colors_info=\u00bb{}\u00bb theme_builder_area=\u00bbpost_content\u00bb][et_pb_column type=\u00bb1_2&#8243; _builder_version=\u00bb4.19.3&#8243; _module_preset=\u00bbdefault\u00bb global_colors_info=\u00bb{}\u00bb theme_builder_area=\u00bbpost_content\u00bb][et_pb_text _builder_version=\u00bb4.19.5&#8243; _module_preset=\u00bbbb3d34b2-a283-44ce-aa3c-4f7945af5ab5&#8243; global_colors_info=\u00bb{}\u00bb theme_builder_area=\u00bbpost_content\u00bb]<\/p>\n<p>Empresa contratada:<\/p>\n<p>[\/et_pb_text][et_pb_text _builder_version=\u00bb4.19.5&#8243; _module_preset=\u00bb9da39846-75f9-4c80-b27e-37dc2aa10001&#8243; global_colors_info=\u00bb{}\u00bb theme_builder_area=\u00bbpost_content\u00bb]<\/p>\n<p>ICMAN<\/p>\n<p>[\/et_pb_text][\/et_pb_column][et_pb_column type=\u00bb1_2&#8243; _builder_version=\u00bb4.19.3&#8243; _module_preset=\u00bbdefault\u00bb global_colors_info=\u00bb{}\u00bb theme_builder_area=\u00bbpost_content\u00bb][et_pb_text _builder_version=\u00bb4.19.5&#8243; _module_preset=\u00bbbb3d34b2-a283-44ce-aa3c-4f7945af5ab5&#8243; global_colors_info=\u00bb{}\u00bb theme_builder_area=\u00bbpost_content\u00bb]<\/p>\n<p>Coste:<\/p>\n<p>[\/et_pb_text][et_pb_text _builder_version=\u00bb4.19.5&#8243; _module_preset=\u00bb9da39846-75f9-4c80-b27e-37dc2aa10001&#8243; global_colors_info=\u00bb{}\u00bb theme_builder_area=\u00bbpost_content\u00bb]<\/p>\n<p>757.944,00\u20ac IVA incluida<\/p>\n<p>[\/et_pb_text][\/et_pb_column][\/et_pb_row][et_pb_row _builder_version=\u00bb4.19.3&#8243; _module_preset=\u00bbdefault\u00bb width=\u00bb95%\u00bb global_colors_info=\u00bb{}\u00bb theme_builder_area=\u00bbpost_content\u00bb][et_pb_column type=\u00bb4_4&#8243; _builder_version=\u00bb4.19.3&#8243; _module_preset=\u00bbdefault\u00bb global_colors_info=\u00bb{}\u00bb theme_builder_area=\u00bbpost_content\u00bb][et_pb_text _builder_version=\u00bb4.19.5&#8243; _module_preset=\u00bbbb3d34b2-a283-44ce-aa3c-4f7945af5ab5&#8243; global_colors_info=\u00bb{}\u00bb theme_builder_area=\u00bbpost_content\u00bb]<\/p>\n<p>Descripci\u00f3n \/ Observaciones.<\/p>\n<p>[\/et_pb_text][et_pb_text _builder_version=\u00bb4.19.5&#8243; _module_preset=\u00bbdefault\u00bb global_colors_info=\u00bb{}\u00bb theme_builder_area=\u00bbpost_content\u00bb]<\/p>\n<p id=\"tw-target-text\" class=\"tw-data-text tw-text-large tw-ta\" dir=\"ltr\" data-placeholder=\"Traducci\u00f3\"><span class=\"Y2IQFc\" lang=\"es\">El parque permanecer\u00e1 totalmente cerrado desde el 23 de enero y hasta el 15 de febrero y se anunciar\u00e1 con carteles en los accesos del Parque. <\/span><\/p>\n<p class=\"tw-data-text tw-text-large tw-ta\" dir=\"ltr\" data-placeholder=\"Traducci\u00f3\"><span class=\"Y2IQFc\" lang=\"es\">Se podr\u00e1 seguir accediendo al merendero desde la puerta que da acceso, junto a la rotonda. La obra mejorar\u00e1 la calidad del agua que llega a la planta potabilizadora de Manresa. La segunda fase de construcci\u00f3n del nuevo bypass del lago de l&#8217;Agulla marca la necesidad de cerrar el Parque de l&#8217;Agulla durante m\u00e1s de tres semanas. Durante este tiempo se vaciar\u00e1 el lago y se llevar\u00e1n a cabo trabajos en el interior que requieren una zona de seguridad m\u00e1s amplia. <\/span><\/p>\n<p class=\"tw-data-text tw-text-large tw-ta\" dir=\"ltr\" data-placeholder=\"Traducci\u00f3\"><span class=\"Y2IQFc\" lang=\"es\">La decisi\u00f3n se ha tomado teniendo en cuenta que el vaciado del lago pondr\u00e1 al descubierto lodos que har\u00e1n el entorno peligroso y que el volumen que adoptar\u00e1 la obra puede comprometer la seguridad de los usuarios. Se aprovechar\u00e1 la ocasi\u00f3n para llevar a cabo trabajos de estudio y gesti\u00f3n de la fauna del lago a trav\u00e9s de la empresa Phragmites. <\/span><\/p>\n<p class=\"tw-data-text tw-text-large tw-ta\" dir=\"ltr\" data-placeholder=\"Traducci\u00f3\"><span class=\"Y2IQFc\" lang=\"es\">La obra, iniciada el pasado septiembre, tiene un doble objetivo: por un lado, instalar una tuber\u00eda que permitir\u00e1 hacer llegar agua a la planta potabilizadora de Manresa sin necesidad de que pase por el lago de l&#8217;Agulla, y por tanto independizar &#8211; el abastecimiento en caso de necesidad por tareas de mantenimiento o problemas de calidad en el agua; y por otro, mejorar la circulaci\u00f3n del agua dentro del lago, construyendo tres nuevas salidas hacia los canales de riego del Poal y Viladordis. <\/span><\/p>\n<p class=\"tw-data-text tw-text-large tw-ta\" dir=\"ltr\" data-placeholder=\"Traducci\u00f3\"><span class=\"Y2IQFc\" lang=\"es\">Los trabajos los realizar\u00e1 la empresa ICMAN y la duraci\u00f3n de los trabajos principales de esta segunda fase est\u00e1 prevista en 3 meses. El presupuesto total de la obra es de 757.944,00 \u20ac IVA incluido.<\/span><\/p>\n<p>[\/et_pb_text][\/et_pb_column][\/et_pb_row][et_pb_row _builder_version=\u00bb4.19.3&#8243; _module_preset=\u00bbdefault\u00bb width=\u00bb95%\u00bb global_colors_info=\u00bb{}\u00bb theme_builder_area=\u00bbpost_content\u00bb][et_pb_column type=\u00bb4_4&#8243; _builder_version=\u00bb4.19.3&#8243; _module_preset=\u00bbdefault\u00bb global_colors_info=\u00bb{}\u00bb theme_builder_area=\u00bbpost_content\u00bb][et_pb_text _builder_version=\u00bb4.19.5&#8243; _module_preset=\u00bbbb3d34b2-a283-44ce-aa3c-4f7945af5ab5&#8243; global_colors_info=\u00bb{}\u00bb theme_builder_area=\u00bbpost_content\u00bb]<\/p>\n<p>Ubicaci\u00f3n:<\/p>\n<p>[\/et_pb_text][et_pb_text _builder_version=\u00bb4.19.5&#8243; _module_preset=\u00bbdefault\u00bb custom_margin=\u00bb||1rem||false|false\u00bb global_colors_info=\u00bb{}\u00bb theme_builder_area=\u00bbpost_content\u00bb]<\/p>\n<p>Parque de la Agulla, Manresa<\/p>\n<p>[\/et_pb_text][et_pb_text admin_label=\u00bbMapa\u00bb _builder_version=\u00bb4.19.5&#8243; _module_preset=\u00bbdefault\u00bb global_colors_info=\u00bb{}\u00bb theme_builder_area=\u00bbpost_content\u00bb]<\/p>\n<p><div class=\"leaflet-map WPLeafletMap\" style=\"height:450px; width:100%;\"><\/div><script>\nwindow.WPLeafletMapPlugin = window.WPLeafletMapPlugin || [];\nwindow.WPLeafletMapPlugin.push(function WPLeafletMapShortcode() {\/*<script>*\/\nvar baseUrl = atob('aHR0cHM6Ly97c30udGlsZS5vcGVuc3RyZWV0bWFwLm9yZy97en0ve3h9L3t5fS5wbmc=');\nvar base = (!baseUrl && window.MQ) ?\n    window.MQ.mapLayer() : L.tileLayer(baseUrl,\n        L.Util.extend({}, {\n            detectRetina: 0,\n        },\n        {\"subdomains\":\"abc\",\"noWrap\":false,\"maxZoom\":20}        )\n    );\n    var options = L.Util.extend({}, {\n        layers: [base],\n        attributionControl: false\n    },\n    {\"zoomControl\":true,\"scrollWheelZoom\":false,\"doubleClickZoom\":false,\"fitBounds\":false,\"minZoom\":0,\"maxZoom\":20,\"maxBounds\":null,\"attribution\":\"<a href=\\\"http:\\\/\\\/leafletjs.com\\\" title=\\\"A JS library for interactive maps\\\">Leaflet<\\\/a>; \\\\r\\\\n\\u00a9 <a href=\\\"http:\\\/\\\/www.openstreetmap.org\\\/copyright\\\">OpenStreetMap<\\\/a> contributors\"},\n    {});\nwindow.WPLeafletMapPlugin.createMap(options).setView([41.749207216908,1.8475377559662],16);});<\/script><br \/><script>\nwindow.WPLeafletMapPlugin = window.WPLeafletMapPlugin || [];\nwindow.WPLeafletMapPlugin.push(function WPLeafletMarkerShortcode() {\/*<script>*\/\nvar map = window.WPLeafletMapPlugin.getCurrentMap();\nvar group = window.WPLeafletMapPlugin.getCurrentGroup();\nvar marker_options = window.WPLeafletMapPlugin.getIconOptions({});\nvar marker = L.marker(\n    [41.748518877484,1.8422698974609],\n    marker_options\n);\nvar is_image = map.is_image_map;\nif (marker_options.draggable) {\n    marker.on('dragend', function () {\n        var latlng = this.getLatLng();\n        var lat = latlng.lat;\n        var lng = latlng.lng;\n        if (is_image) {\n            console.log('leaflet-marker y=' + lat + ' x=' + lng);\n        } else {\n            console.log('leaflet-marker lat=' + lat + ' lng=' + lng);\n        }\n    });\n}\nmarker.addTo( group );\nwindow.WPLeafletMapPlugin.markers.push( marker );\n        });<\/script><\/p>\n<p>[\/et_pb_text][\/et_pb_column][\/et_pb_row][\/et_pb_section]<\/p>\n","protected":false},"excerpt":{"rendered":"<p>Hasta finales de marzo. <\/p>\n","protected":false},"author":1,"featured_media":6516,"template":"","meta":{"_et_pb_use_builder":"on","_et_pb_old_content":"","_et_gb_content_width":""},"obres_category":[97],"obres_tags":[104],"class_list":["post-8572","obres","type-obres","status-publish","has-post-thumbnail","hentry","obres_category-manresa-es","obres_tags-grandes-obras"],"_links":{"self":[{"href":"https:\/\/www.aiguesmanresa.cat\/es\/wp-json\/wp\/v2\/obres\/8572","targetHints":{"allow":["GET"]}}],"collection":[{"href":"https:\/\/www.aiguesmanresa.cat\/es\/wp-json\/wp\/v2\/obres"}],"about":[{"href":"https:\/\/www.aiguesmanresa.cat\/es\/wp-json\/wp\/v2\/types\/obres"}],"author":[{"embeddable":true,"href":"https:\/\/www.aiguesmanresa.cat\/es\/wp-json\/wp\/v2\/users\/1"}],"wp:featuredmedia":[{"embeddable":true,"href":"https:\/\/www.aiguesmanresa.cat\/es\/wp-json\/wp\/v2\/media\/6516"}],"wp:attachment":[{"href":"https:\/\/www.aiguesmanresa.cat\/es\/wp-json\/wp\/v2\/media?parent=8572"}],"wp:term":[{"taxonomy":"obres_category","embeddable":true,"href":"https:\/\/www.aiguesmanresa.cat\/es\/wp-json\/wp\/v2\/obres_category?post=8572"},{"taxonomy":"obres_tags","embeddable":true,"href":"https:\/\/www.aiguesmanresa.cat\/es\/wp-json\/wp\/v2\/obres_tags?post=8572"}],"curies":[{"name":"wp","href":"https:\/\/api.w.org\/{rel}","templated":true}]}}

Obras para la construcción de un bypass en la Agulla

<p>[et_pb_section fb_built=»1&#8243; _builder_version=»4.19.5&#8243; _module_preset=»default» custom_padding=»2rem||2rem||true|false» global_colors_info=»{}» theme_builder_area=»post_content»][et_pb_row column_structure=»1_2,1_2&#8243; _builder_version=»4.19.5&#8243; _module_preset=»default» width=»95%» global_colors_info=»{}» theme_builder_area=»post_content»][et_pb_column type=»1_2&#8243; _builder_version=»4.19.3&#8243; _module_preset=»default» global_colors_info=»{}» theme_builder_area=»post_content»][et_pb_text _builder_version=»4.19.5&#8243; _module_preset=»bb3d34b2-a283-44ce-aa3c-4f7945af5ab5&#8243; global_colors_info=»{}» theme_builder_area=»post_content»]</p>
<p>Duración:</p>
<p>[/et_pb_text][et_pb_text _builder_version=»4.19.5&#8243; _module_preset=»9da39846-75f9-4c80-b27e-37dc2aa10001&#8243; hover_enabled=»0&#8243; global_colors_info=»{}» theme_builder_area=»post_content» sticky_enabled=»0&#8243;]</p>
<p>Segunda fase: del 9 de enero al 31 de marzo de 2023</p>
<p>[/et_pb_text][/et_pb_column][et_pb_column type=»1_2&#8243; _builder_version=»4.19.3&#8243; _module_preset=»default» global_colors_info=»{}» theme_builder_area=»post_content»][et_pb_button button_url=»@ET-DC@eyJkeW5hbWljIjp0cnVlLCJjb250ZW50IjoicG9zdF9saW5rX3VybF9wb3N0Iiwic2V0dGluZ3MiOnsicG9zdF9pZCI6Ijc1MTIifX0=@» button_text=»Más información» _builder_version=»4.19.5&#8243; _dynamic_attributes=»button_url» _module_preset=»default» custom_margin=»0.7rem||0.7rem||true|false» global_colors_info=»{}» theme_builder_area=»post_content»][/et_pb_button][/et_pb_column][/et_pb_row][et_pb_row column_structure=»1_2,1_2&#8243; _builder_version=»4.19.3&#8243; _module_preset=»default» width=»95%» global_colors_info=»{}» theme_builder_area=»post_content»][et_pb_column type=»1_2&#8243; _builder_version=»4.19.3&#8243; _module_preset=»default» global_colors_info=»{}» theme_builder_area=»post_content»][et_pb_text _builder_version=»4.19.5&#8243; _module_preset=»bb3d34b2-a283-44ce-aa3c-4f7945af5ab5&#8243; global_colors_info=»{}» theme_builder_area=»post_content»]</p>
<p>Empresa contratada:</p>
<p>[/et_pb_text][et_pb_text _builder_version=»4.19.5&#8243; _module_preset=»9da39846-75f9-4c80-b27e-37dc2aa10001&#8243; global_colors_info=»{}» theme_builder_area=»post_content»]</p>
<p>ICMAN</p>
<p>[/et_pb_text][/et_pb_column][et_pb_column type=»1_2&#8243; _builder_version=»4.19.3&#8243; _module_preset=»default» global_colors_info=»{}» theme_builder_area=»post_content»][et_pb_text _builder_version=»4.19.5&#8243; _module_preset=»bb3d34b2-a283-44ce-aa3c-4f7945af5ab5&#8243; global_colors_info=»{}» theme_builder_area=»post_content»]</p>
<p>Coste:</p>
<p>[/et_pb_text][et_pb_text _builder_version=»4.19.5&#8243; _module_preset=»9da39846-75f9-4c80-b27e-37dc2aa10001&#8243; global_colors_info=»{}» theme_builder_area=»post_content»]</p>
<p>757.944,00€ IVA incluida</p>
<p>[/et_pb_text][/et_pb_column][/et_pb_row][et_pb_row _builder_version=»4.19.3&#8243; _module_preset=»default» width=»95%» global_colors_info=»{}» theme_builder_area=»post_content»][et_pb_column type=»4_4&#8243; _builder_version=»4.19.3&#8243; _module_preset=»default» global_colors_info=»{}» theme_builder_area=»post_content»][et_pb_text _builder_version=»4.19.5&#8243; _module_preset=»bb3d34b2-a283-44ce-aa3c-4f7945af5ab5&#8243; global_colors_info=»{}» theme_builder_area=»post_content»]</p>
<p>Descripción / Observaciones.</p>
<p>[/et_pb_text][et_pb_text _builder_version=»4.19.5&#8243; _module_preset=»default» global_colors_info=»{}» theme_builder_area=»post_content»]</p>
<p id="tw-target-text" class="tw-data-text tw-text-large tw-ta" dir="ltr" data-placeholder="Traducció"><span class="Y2IQFc" lang="es">El parque permanecerá totalmente cerrado desde el 23 de enero y hasta el 15 de febrero y se anunciará con carteles en los accesos del Parque. </span></p>
<p class="tw-data-text tw-text-large tw-ta" dir="ltr" data-placeholder="Traducció"><span class="Y2IQFc" lang="es">Se podrá seguir accediendo al merendero desde la puerta que da acceso, junto a la rotonda. La obra mejorará la calidad del agua que llega a la planta potabilizadora de Manresa. La segunda fase de construcción del nuevo bypass del lago de l&#8217;Agulla marca la necesidad de cerrar el Parque de l&#8217;Agulla durante más de tres semanas. Durante este tiempo se vaciará el lago y se llevarán a cabo trabajos en el interior que requieren una zona de seguridad más amplia. </span></p>
<p class="tw-data-text tw-text-large tw-ta" dir="ltr" data-placeholder="Traducció"><span class="Y2IQFc" lang="es">La decisión se ha tomado teniendo en cuenta que el vaciado del lago pondrá al descubierto lodos que harán el entorno peligroso y que el volumen que adoptará la obra puede comprometer la seguridad de los usuarios. Se aprovechará la ocasión para llevar a cabo trabajos de estudio y gestión de la fauna del lago a través de la empresa Phragmites. </span></p>
<p class="tw-data-text tw-text-large tw-ta" dir="ltr" data-placeholder="Traducció"><span class="Y2IQFc" lang="es">La obra, iniciada el pasado septiembre, tiene un doble objetivo: por un lado, instalar una tubería que permitirá hacer llegar agua a la planta potabilizadora de Manresa sin necesidad de que pase por el lago de l&#8217;Agulla, y por tanto independizar &#8211; el abastecimiento en caso de necesidad por tareas de mantenimiento o problemas de calidad en el agua; y por otro, mejorar la circulación del agua dentro del lago, construyendo tres nuevas salidas hacia los canales de riego del Poal y Viladordis. </span></p>
<p class="tw-data-text tw-text-large tw-ta" dir="ltr" data-placeholder="Traducció"><span class="Y2IQFc" lang="es">Los trabajos los realizará la empresa ICMAN y la duración de los trabajos principales de esta segunda fase está prevista en 3 meses. El presupuesto total de la obra es de 757.944,00 € IVA incluido.</span></p>
<p>[/et_pb_text][/et_pb_column][/et_pb_row][et_pb_row _builder_version=»4.19.3&#8243; _module_preset=»default» width=»95%» global_colors_info=»{}» theme_builder_area=»post_content»][et_pb_column type=»4_4&#8243; _builder_version=»4.19.3&#8243; _module_preset=»default» global_colors_info=»{}» theme_builder_area=»post_content»][et_pb_text _builder_version=»4.19.5&#8243; _module_preset=»bb3d34b2-a283-44ce-aa3c-4f7945af5ab5&#8243; global_colors_info=»{}» theme_builder_area=»post_content»]</p>
<p>Ubicación:</p>
<p>[/et_pb_text][et_pb_text _builder_version=»4.19.5&#8243; _module_preset=»default» custom_margin=»||1rem||false|false» global_colors_info=»{}» theme_builder_area=»post_content»]</p>
<p>Parque de la Agulla, Manresa</p>
<p>[/et_pb_text][et_pb_text admin_label=»Mapa» _builder_version=»4.19.5&#8243; _module_preset=»default» global_colors_info=»{}» theme_builder_area=»post_content»]</p>
<p><div class="leaflet-map WPLeafletMap" style="height:450px; width:100%;"></div><script>
window.WPLeafletMapPlugin = window.WPLeafletMapPlugin || [];
window.WPLeafletMapPlugin.push(function WPLeafletMapShortcode() {/*<script>*/
var baseUrl = atob('aHR0cHM6Ly97c30udGlsZS5vcGVuc3RyZWV0bWFwLm9yZy97en0ve3h9L3t5fS5wbmc=');
var base = (!baseUrl && window.MQ) ?
    window.MQ.mapLayer() : L.tileLayer(baseUrl,
        L.Util.extend({}, {
            detectRetina: 0,
        },
        {"subdomains":"abc","noWrap":false,"maxZoom":20}        )
    );
    var options = L.Util.extend({}, {
        layers: [base],
        attributionControl: false
    },
    {"zoomControl":true,"scrollWheelZoom":false,"doubleClickZoom":false,"fitBounds":false,"minZoom":0,"maxZoom":20,"maxBounds":null,"attribution":"<a href=\"http:\/\/leafletjs.com\" title=\"A JS library for interactive maps\">Leaflet<\/a>; \\r\\n\u00a9 <a href=\"http:\/\/www.openstreetmap.org\/copyright\">OpenStreetMap<\/a> contributors"},
    {});
window.WPLeafletMapPlugin.createMap(options).setView([41.749207216908,1.8475377559662],16);});</script><br /><script>
window.WPLeafletMapPlugin = window.WPLeafletMapPlugin || [];
window.WPLeafletMapPlugin.push(function WPLeafletMarkerShortcode() {/*<script>*/
var map = window.WPLeafletMapPlugin.getCurrentMap();
var group = window.WPLeafletMapPlugin.getCurrentGroup();
var marker_options = window.WPLeafletMapPlugin.getIconOptions({});
var marker = L.marker(
    [41.748518877484,1.8422698974609],
    marker_options
);
var is_image = map.is_image_map;
if (marker_options.draggable) {
    marker.on('dragend', function () {
        var latlng = this.getLatLng();
        var lat = latlng.lat;
        var lng = latlng.lng;
        if (is_image) {
            console.log('leaflet-marker y=' + lat + ' x=' + lng);
        } else {
            console.log('leaflet-marker lat=' + lat + ' lng=' + lng);
        }
    });
}
marker.addTo( group );
window.WPLeafletMapPlugin.markers.push( marker );
        });</script></p>
<p>[/et_pb_text][/et_pb_column][/et_pb_row][/et_pb_section]</p>
